{"id":149,"date":"2018-01-03T19:33:10","date_gmt":"2018-01-03T19:33:10","guid":{"rendered":"http:\/\/wp.tierarztpraxis-rheinbach.de\/?page_id=149"},"modified":"2022-05-18T06:40:26","modified_gmt":"2022-05-18T06:40:26","slug":"osteopathie","status":"publish","type":"page","link":"https:\/\/tierarztpraxis-rheinbach.de\/?page_id=149","title":{"rendered":"Osteopathie"},"content":{"rendered":"\n<p>(aus dem altgriechischen \u1f40\u03c3\u03c4\u03ad\u03bf\u03bd <em>ost\u00e9on<\/em>, deutsch \u201aKnochen\u2018 und \u03c0\u03ac\u03b8\u03bf\u03c2 <em>p\u00e1thos<\/em>, deutsch \u201aLeiden\u2018 zusammengesetzt) bezeichnet ein von der WHO als eigenst\u00e4ndiges, komplement\u00e4res Medizinsystem anerkanntes Untersuchungs- und Behandlungsverfahren.<\/p>\n\n\n\n<p>Den Begriff &#8222;Osteopathie&#8220; als Bezeichnung f\u00fcr die von ihm begr\u00fcndete, neue Wissenschaft hat A.T. Still erstmals verwendet. Bis heute findet dieser Begriff aus Achtung vor Stills Lebenswerk international Verwendung.<\/p>\n\n\n\n<p><strong>Mein Tier, ein Osteopathiepatient?<\/strong><\/p>\n\n\n\n<p>Vorgestellt zur osteopathischen Untersuchung und Behandlung werden Patienten mit Gelenk- und Wirbels\u00e4ulenbeschwerden mit den klassischen Vorberichten, dass das Tier nicht mehr so gut springen kann, nicht mehr gerne oder auch nicht mehr so lange spazieren geht, mehr hechelt, aufgezogen l\u00e4uft oder lahmt. Aber auch Patienten mit Muskelverspannungen, Kopfschiefhaltung, Koordinationsst\u00f6rungen, Knirschen im Kiefer, Verdauungsproblemen, Zyklusanomalien und nach Unfalltrauma werden vorgestellt. Dar\u00fcber hinaus ist die Osteopathie heute ein wesentlicher Bestandteil der Betreuung von Tieren, die H\u00f6chstleistungen in Sport, tiergest\u00fctzter Intervention und anderen Arbeitseins\u00e4tzen erbringen.<\/p>\n\n\n\n<p><\/p>\n\n\n\n<p><strong>Ostepathie ber\u00fchrt<\/strong><\/p>\n\n\n\n<p>Der osteopathisch arbeitende Tierarzt untersucht auf Basis seiner schulmedizinischen Kenntnisse klassisch schulmedizinisch und mit Hilfe seiner umfassenden osteopathischen Ausbildung mit seinen H\u00e4nden den K\u00f6rper des vorgestellten Patienten auf Asymmetrien, Auff\u00e4lligkeiten im Spannungsgef\u00fcge, Funktionsst\u00f6rungen sowie deren Wechselwirkungen. Die osteopathische Therapie ist darauf ausgerichtet, &#8222;den K\u00f6rperorganismus sowohl in struktureller als auch in funktioneller Hinsicht wieder in den Normalzustand zur\u00fcckzubringen&#8220; (J.M. Littlejohn).<\/p>\n\n\n\n<p><strong>Die osteopathische Behandlung<\/strong><\/p>\n\n\n\n<p>Eine osteopathische Untersuchung und Behandlung in meiner Praxis besteht in der Regel aus mindestens 2 Terminen im Abstand von 2-6 Wochen. Abgerechnet werden die Behandlungen nach Massgabe der Geb\u00fchrenordnung f\u00fcr Tier\u00e4rzte.<\/p>\n\n\n\n<p>Da ein Bild mehr sagt als tausend Worte, k\u00f6nnen Sie sich im nachfolgenden Kurzfilm einen kleinen Eindruck von einer osteopathischen Untersuchung und Behandlung machen:&nbsp;<\/p>\n\n\n\n<figure class=\"wp-block-video\"><video controls src=\"https:\/\/tierarztpraxis-rheinbach.de\/\/wp-content\/uploads\/2022\/04\/Osteopathie.mp4\"><\/video><\/figure>\n\n\n\n<p>Die Wirksamkeit osteopathischer Therapie ist durch internationale Studien vor allem im Bereich der Humanmedizin belegt. Ein Heilsversprechen und eine Vorhersage auf Beschwerdefreiheit kann jedoch nicht gegeben werden.<\/p>\n\n\n\n<p>\u00dcber Ihre Nachfragen freuen wir uns sehr. Sie erreichen uns unter 0 22 26 \/ 908 20 13 oder unter info@tierarztpraxis-rheinbach.de<\/p>\n\n\n\n<div class=\"wp-block-columns is-layout-flex wp-container-3\">\n<div class=\"wp-block-column is-vertically-aligned-center is-layout-flow\">\n<figure class=\"wp-block-image size-large\"><img decoding=\"async\" loading=\"lazy\" width=\"768\" height=\"1024\" src=\"http:\/\/tierarztpraxis-rheinbach.de\/wp-content\/uploads\/2018\/01\/IMG_1958-768x1024.jpg\" alt=\"\" class=\"wp-image-120\" srcset=\"https:\/\/tierarztpraxis-rheinbach.de\/wp-content\/uploads\/2018\/01\/IMG_1958-768x1024.jpg 768w, https:\/\/tierarztpraxis-rheinbach.de\/wp-content\/uploads\/2018\/01\/IMG_1958-225x300.jpg 225w\" sizes=\"(max-width: 768px) 100vw, 768px\" \/><\/figure>\n<\/div>\n\n\n\n<div class=\"wp-block-column is-layout-flow\">\n<figure class=\"wp-block-image size-large\"><img decoding=\"async\" loading=\"lazy\" width=\"765\" height=\"1024\" src=\"http:\/\/tierarztpraxis-rheinbach.de\/wp-content\/uploads\/2018\/01\/IMG_0299-765x1024.jpg\" alt=\"\" class=\"wp-image-114\" srcset=\"https:\/\/tierarztpraxis-rheinbach.de\/wp-content\/uploads\/2018\/01\/IMG_0299-765x1024.jpg 765w, https:\/\/tierarztpraxis-rheinbach.de\/wp-content\/uploads\/2018\/01\/IMG_0299-224x300.jpg 224w, https:\/\/tierarztpraxis-rheinbach.de\/wp-content\/uploads\/2018\/01\/IMG_0299-768x1028.jpg 768w, https:\/\/tierarztpraxis-rheinbach.de\/wp-content\/uploads\/2018\/01\/IMG_0299.jpg 1936w\" sizes=\"(max-width: 765px) 100vw, 765px\" \/><\/figure>\n<\/div>\n<\/div>\n\n\n\n<h3 class=\"wp-block-heading\"><strong>Myofasziales Taping \u00ae<\/strong><\/h3>\n\n\n\n<div class=\"wp-block-group is-layout-flow\"><div class=\"wp-block-group__inner-container\">\n<div class=\"wp-block-columns is-layout-flex wp-container-6\">\n<div class=\"wp-block-column is-layout-flow\">\n<div class=\"wp-block-image\"><figure class=\"aligncenter size-full\"><img decoding=\"async\" loading=\"lazy\" width=\"189\" height=\"252\" src=\"https:\/\/tierarztpraxis-rheinbach.de\/wp-content\/uploads\/2020\/04\/image-2.png\" alt=\"\" class=\"wp-image-358\"\/><\/figure><\/div>\n<\/div>\n\n\n\n<div class=\"wp-block-column is-layout-flow\">\n<div class=\"wp-block-image\"><figure class=\"aligncenter size-full\"><img decoding=\"async\" loading=\"lazy\" width=\"189\" height=\"252\" src=\"https:\/\/tierarztpraxis-rheinbach.de\/wp-content\/uploads\/2020\/04\/image-3.png\" alt=\"\" class=\"wp-image-359\"\/><\/figure><\/div>\n<\/div>\n<\/div>\n<\/div><\/div>\n\n\n\n<p><\/p>\n","protected":false},"excerpt":{"rendered":"<p>(aus dem altgriechischen \u1f40\u03c3\u03c4\u03ad\u03bf\u03bd ost\u00e9on, deutsch \u201aKnochen\u2018 und \u03c0\u03ac\u03b8\u03bf\u03c2 p\u00e1thos, deutsch \u201aLeiden\u2018 zusammengesetzt) bezeichnet ein von der WHO als eigenst\u00e4ndiges, komplement\u00e4res Medizinsystem anerkanntes Untersuchungs- und Behandlungsverfahren. Den Begriff &#8222;Osteopathie&#8220; als Bezeichnung f\u00fcr die von ihm begr\u00fcndete, neue Wissenschaft hat A.T. Still erstmals verwendet. Bis heute findet dieser Begriff aus Achtung vor Stills Lebenswerk international Verwendung.&hellip; <a href=\"https:\/\/tierarztpraxis-rheinbach.de\/?page_id=149\" class=\"more-link\">Weiterlesen <span class=\"screen-reader-text\">Osteopathie<\/span><\/a><\/p>\n","protected":false},"author":1,"featured_media":0,"parent":7,"menu_order":0,"comment_status":"closed","ping_status":"closed","template":"templates\/full-width-page.php","meta":[],"_links":{"self":[{"href":"https:\/\/tierarztpraxis-rheinbach.de\/index.php?rest_route=\/wp\/v2\/pages\/149"}],"collection":[{"href":"https:\/\/tierarztpraxis-rheinbach.de\/index.php?rest_route=\/wp\/v2\/pages"}],"about":[{"href":"https:\/\/tierarztpraxis-rheinbach.de\/index.php?rest_route=\/wp\/v2\/types\/page"}],"author":[{"embeddable":true,"href":"https:\/\/tierarztpraxis-rheinbach.de\/index.php?rest_route=\/wp\/v2\/users\/1"}],"replies":[{"embeddable":true,"href":"https:\/\/tierarztpraxis-rheinbach.de\/index.php?rest_route=%2Fwp%2Fv2%2Fcomments&post=149"}],"version-history":[{"count":11,"href":"https:\/\/tierarztpraxis-rheinbach.de\/index.php?rest_route=\/wp\/v2\/pages\/149\/revisions"}],"predecessor-version":[{"id":598,"href":"https:\/\/tierarztpraxis-rheinbach.de\/index.php?rest_route=\/wp\/v2\/pages\/149\/revisions\/598"}],"up":[{"embeddable":true,"href":"https:\/\/tierarztpraxis-rheinbach.de\/index.php?rest_route=\/wp\/v2\/pages\/7"}],"wp:attachment":[{"href":"https:\/\/tierarztpraxis-rheinbach.de\/index.php?rest_route=%2Fwp%2Fv2%2Fmedia&parent=149"}],"curies":[{"name":"wp","href":"https:\/\/api.w.org\/{rel}","templated":true}]}}