{"id":498,"date":"2022-04-14T20:03:39","date_gmt":"2022-04-14T20:03:39","guid":{"rendered":"https:\/\/tierarztpraxis-rheinbach.de\/?page_id=498"},"modified":"2022-05-18T06:58:24","modified_gmt":"2022-05-18T06:58:24","slug":"tierernaehrung","status":"publish","type":"page","link":"https:\/\/tierarztpraxis-rheinbach.de\/?page_id=498","title":{"rendered":"Tierern\u00e4hrung"},"content":{"rendered":"\n<p>Besch\u00e4ftigt man sich mit der optimalen Versorgung unserer Hunde und Katzen, so kommt man an dem Gebiet der Tierern\u00e4hrung nicht vorbei! Sie geh\u00f6rt zu einer ganzheitlichen Betrachtung unserer Vierbeiner untrennbar dazu und sie steht dabei f\u00fcr so viel mehr als das reine F\u00fcttern oder Ern\u00e4hren!&nbsp;<\/p>\n\n\n\n<p><strong>Tierern\u00e4hrung \u201eauf den Punkt\u201c<\/strong> bedeutet Gesundheit, Wohlbefinden, Lebens-qualit\u00e4t und Unterst\u00fctzung bis ins hohe Alter. Es ist tats\u00e4chlich so, dass durch eine optimale F\u00fctterung die Gesundheit unserer Hunde und Katzen ma\u00dfgeblich beeinflusst werden kann. Nicht ohne Grund spricht man deshalb heute auch von <strong>\u201eGesundern\u00e4hrung\u201c<\/strong>.<\/p>\n\n\n\n<p>Schon Hippokrates sagte: <strong>&#8222;Lasset die Nahrung Eure Medizin sein&#8220;<\/strong> und damit brachte er schon damals zum Ausdruck, welche Bedeutung die Ern\u00e4hrung f\u00fcr die Gesundheit und das Wohlbefinden hat. Sein Motto urspr\u00fcnglich einmal f\u00fcr den Menschen gemacht, gilt genauso f\u00fcr unsere Vierbeiner. Die moderne Tierern\u00e4hrung ist heute ein breites Wissensfeld, es gibt kaum eine Erkrankung, die man nicht durch eine spezifische Di\u00e4t behandeln k\u00f6nnte. Zudem legt eine hochwertige und ausgewogene Ern\u00e4hrung unserer Tiere den entscheidenden&nbsp;Baustein f\u00fcr eine gesunde, harmonische Entwicklung und langanhaltende Gesundheit. Sowohl bei der Prophylaxe von Krankheiten als auch bei der Therapie ist die \u00dcberpr\u00fcfung und Optimierung der F\u00fctterung unverzichtbar. Bei vielen Erkrankungen, wie z.B. Futtermittelallergien oder einer Pankreasinsuffizienz, ist eine spezifische Ern\u00e4hrung sogar&nbsp;das entscheidende Stellglied, ohne die eine befriedigende, Erfolg versprechende,&nbsp;Therapie nicht gelingen kann.<\/p>\n\n\n\n<p>Werden unsere Vierbeiner von der \u201eWelpenstube\u201c an&nbsp;ausgewogen und hochwertig ern\u00e4hrt, so ist f\u00fcr ein harmonisches Wachstum, geregelte Verdauung, gesunde Haut und sch\u00f6nes Fell, ein starkes Immunsystem uvm. Sorge getragen. Wird das Tier dann \u00e4lter, so erm\u00f6glicht es die Nahrung typischen Alterserkrankungen, wie der chronischen Niereninsuffizienz, zu begegnen.&nbsp;<\/p>\n\n\n\n<p><strong>Wussten Sie \u00fcbrigens schon, dass Tiere, die rechtzeitig auf eine nierenschonende Seniornahrung umgestellt werden, tats\u00e4chlich l\u00e4nger leben?<\/strong>&nbsp;<\/p>\n\n\n\n<p>Grund genug also \u00fcber die angepasste, spezifische Ern\u00e4hrung immer wieder nachzudenken, diese zu \u00fcberpr\u00fcfen, anzupassen und zu optimieren. Es gibt kaum einen Bereich, wo die F\u00fctterung keine Rolle spielt.&nbsp;<\/p>\n\n\n\n<p>Nachfolgend nur ein kleiner Auszug der Erkrankungen, die durch die F\u00fctterung beeinflusst werden k\u00f6nnen. Dieser macht deutlich, wie wichtig \u201eGesundern\u00e4hrung\u201c f\u00fcr Hunde und Katzen ist!&nbsp;<\/p>\n\n\n\n<ul><li>Adipositas<\/li><li>Allergien \u00e0 von Atopie bis Futtermittelallergie<\/li><li>Beeinflussung des Fressverhaltens \u00e0 Appetit, Fressgeschwindigkeit<\/li><li>Diabetes<\/li><li>Durchfall, akut oder chronisch<\/li><li>Epilepsie<\/li><li>Gelenkerkrankungen<\/li><li>Harnwegserkrankungen, wie Harnsteine<\/li><li>Haut- und Fellprobleme, wie Schuppen, Haarausfall, stumpfes Haarkleid, Probleme im Fellwechsel<\/li><li>Herzerkrankungen<\/li><li>Nierenerkrankungen<\/li><li>Rekonvaleszenz<\/li><li>Unterern\u00e4hrung<\/li><li>Verstopfung = Obstipation&nbsp;<\/li><\/ul>\n","protected":false},"excerpt":{"rendered":"<p>Besch\u00e4ftigt man sich mit der optimalen Versorgung unserer Hunde und Katzen, so kommt man an dem Gebiet der Tierern\u00e4hrung nicht vorbei! Sie geh\u00f6rt zu einer ganzheitlichen Betrachtung unserer Vierbeiner untrennbar dazu und sie steht dabei f\u00fcr so viel mehr als das reine F\u00fcttern oder Ern\u00e4hren!&nbsp; Tierern\u00e4hrung \u201eauf den Punkt\u201c bedeutet Gesundheit, Wohlbefinden, Lebens-qualit\u00e4t und Unterst\u00fctzung&hellip; <a href=\"https:\/\/tierarztpraxis-rheinbach.de\/?page_id=498\" class=\"more-link\">Weiterlesen <span class=\"screen-reader-text\">Tierern\u00e4hrung<\/span><\/a><\/p>\n","protected":false},"author":1,"featured_media":0,"parent":7,"menu_order":1,"comment_status":"closed","ping_status":"closed","template":"templates\/full-width-page.php","meta":[],"_links":{"self":[{"href":"https:\/\/tierarztpraxis-rheinbach.de\/index.php?rest_route=\/wp\/v2\/pages\/498"}],"collection":[{"href":"https:\/\/tierarztpraxis-rheinbach.de\/index.php?rest_route=\/wp\/v2\/pages"}],"about":[{"href":"https:\/\/tierarztpraxis-rheinbach.de\/index.php?rest_route=\/wp\/v2\/types\/page"}],"author":[{"embeddable":true,"href":"https:\/\/tierarztpraxis-rheinbach.de\/index.php?rest_route=\/wp\/v2\/users\/1"}],"replies":[{"embeddable":true,"href":"https:\/\/tierarztpraxis-rheinbach.de\/index.php?rest_route=%2Fwp%2Fv2%2Fcomments&post=498"}],"version-history":[{"count":3,"href":"https:\/\/tierarztpraxis-rheinbach.de\/index.php?rest_route=\/wp\/v2\/pages\/498\/revisions"}],"predecessor-version":[{"id":605,"href":"https:\/\/tierarztpraxis-rheinbach.de\/index.php?rest_route=\/wp\/v2\/pages\/498\/revisions\/605"}],"up":[{"embeddable":true,"href":"https:\/\/tierarztpraxis-rheinbach.de\/index.php?rest_route=\/wp\/v2\/pages\/7"}],"wp:attachment":[{"href":"https:\/\/tierarztpraxis-rheinbach.de\/index.php?rest_route=%2Fwp%2Fv2%2Fmedia&parent=498"}],"curies":[{"name":"wp","href":"https:\/\/api.w.org\/{rel}","templated":true}]}}