{"id":539,"date":"2022-04-14T21:46:24","date_gmt":"2022-04-14T21:46:24","guid":{"rendered":"https:\/\/tierarztpraxis-rheinbach.de\/?page_id=539"},"modified":"2024-07-22T13:37:50","modified_gmt":"2024-07-22T13:37:50","slug":"tieraerztliche-spezialisten","status":"publish","type":"page","link":"https:\/\/tierarztpraxis-rheinbach.de\/?page_id=539","title":{"rendered":"Tier\u00e4rztliche Spezialisten"},"content":{"rendered":"\n<p>Liebe Tierbesitzer!<\/p>\n\n\n\n<p>Auch die Kleintiermedizin erf\u00e4hrt in den letzten 20 j\u00e4hren eine enorm schnell fortschreitende Spezialisierung. Unsere Praxis reiht sich mit der Spezialisierung auf Osteopathie, Physiotherapie und Tierern\u00e4hrung in diese Entwicklung mit ein. Dies erm\u00f6glicht f\u00fcr Sie als Tierbesitzer eine immer bessere Diagnostik und Versorgung Ihres vierbeinigen Familienmitglieds. F\u00fcr uns bedeutet es im Praxisalltag aber auch, dass wir vielfach im Hinblick auf unser Terminangebot im Bereich des allgemeinen Leistungsspektrums eingeschr\u00e4nkt sind. Wegen der oft langen Terminvorplanung und langen Behandlungs- resp. Beratungszeiten k\u00f6nnen wir akute Notf\u00e4lle in der Regel nicht zeitnah versorgen. Eine echte haustier\u00e4rztliche Betreuung k\u00f6nnen wir deshalb nur noch f\u00fcr unsere Bestandskunden anbieten. Wir bitten um Ihr Verst\u00e4ndnis!<\/p>\n\n\n\n<p>-> <strong>IM NOTFALL:<\/strong><\/p>\n\n\n\n<figure class=\"wp-block-image size-large\"><img decoding=\"async\" loading=\"lazy\" width=\"1024\" height=\"738\" src=\"https:\/\/tierarztpraxis-rheinbach.de\/wp-content\/uploads\/2024\/07\/IMG_3176-1024x738.jpg\" alt=\"\" class=\"wp-image-665\" srcset=\"https:\/\/tierarztpraxis-rheinbach.de\/wp-content\/uploads\/2024\/07\/IMG_3176-1024x738.jpg 1024w, https:\/\/tierarztpraxis-rheinbach.de\/wp-content\/uploads\/2024\/07\/IMG_3176-300x216.jpg 300w, https:\/\/tierarztpraxis-rheinbach.de\/wp-content\/uploads\/2024\/07\/IMG_3176-768x553.jpg 768w, https:\/\/tierarztpraxis-rheinbach.de\/wp-content\/uploads\/2024\/07\/IMG_3176-1536x1106.jpg 1536w, https:\/\/tierarztpraxis-rheinbach.de\/wp-content\/uploads\/2024\/07\/IMG_3176-2048x1475.jpg 2048w\" sizes=\"(max-width: 1024px) 100vw, 1024px\" \/><\/figure>\n\n\n\n<p>Sollten Sie au\u00dferhalb dieser Zeiten eine echte Notfallsituation mit Ihrem Vierbeiner haben, so empfehlen wir Ihnen, sich an den\u00a0 Mobilen Tiernotdienst 24 (<a rel=\"noreferrer noopener\" href=\"https:\/\/mobiler-tiernotdienst24.de\" target=\"_blank\">https:\/\/mobiler-tiernotdienst24.de<\/a>) zu wenden:\u00a0<\/p>\n\n\n\n<figure class=\"wp-block-image size-large\"><img decoding=\"async\" loading=\"lazy\" width=\"1024\" height=\"186\" src=\"https:\/\/tierarztpraxis-rheinbach.de\/wp-content\/uploads\/2022\/04\/image-1-1024x186.png\" alt=\"\" class=\"wp-image-540\" srcset=\"https:\/\/tierarztpraxis-rheinbach.de\/wp-content\/uploads\/2022\/04\/image-1-1024x186.png 1024w, https:\/\/tierarztpraxis-rheinbach.de\/wp-content\/uploads\/2022\/04\/image-1-300x55.png 300w, https:\/\/tierarztpraxis-rheinbach.de\/wp-content\/uploads\/2022\/04\/image-1-768x140.png 768w, https:\/\/tierarztpraxis-rheinbach.de\/wp-content\/uploads\/2022\/04\/image-1.png 1200w\" sizes=\"(max-width: 1024px) 100vw, 1024px\" \/><\/figure>\n\n\n\n<p>Alternativ arbeiten wir seit vielen Jahren gut und vertrauensvoll mit der Tier\u00e4rztlichen Klinik Fixheide in Leverkusen zusammen (<a href=\"http:\/\/www.tierklinikleverkusen.de\" data-type=\"URL\" data-id=\"www.tierklinikleverkusen.de\">www.tierklinikleverkusen.de<\/a>)<\/p>\n\n\n\n<p>-&gt; <strong>IN HERZENSANGELEGENHEITEN:&nbsp;<\/strong><\/p>\n\n\n\n<p>Dr. med. vet. T. Niederhagen <\/p>\n\n\n\n<figure class=\"wp-block-image size-full\"><img decoding=\"async\" loading=\"lazy\" width=\"127\" height=\"170\" src=\"https:\/\/tierarztpraxis-rheinbach.de\/wp-content\/uploads\/2022\/05\/kardio_logo.png\" alt=\"\" class=\"wp-image-612\"\/><\/figure>\n\n\n\n<p>(<a href=\"http:\/\/www.kardio-konsil.de\" target=\"_blank\" rel=\"noreferrer noopener\">http:\/\/www.kardio-konsil.de<\/a>) <\/p>\n\n\n\n<p>-&gt; <strong>F\u00dcR DIE FAMILIENPLANUNG UND DAS HERZ:<\/strong><\/p>\n\n\n\n<p>Tier\u00e4rztliche Gemeinschaftspraxis Dres. Groeger und Schildknecht <\/p>\n\n\n\n<p>(<a rel=\"noreferrer noopener\" href=\"https:\/\/www.tierarzt-hennef.de\" target=\"_blank\">https:\/\/www.tierarzt-hennef.de<\/a>)<\/p>\n\n\n\n<p>-&gt; <strong>F\u00dcR HAUT UND HAAR:<\/strong><\/p>\n\n\n\n<p>Dr. med. vet. A. Neuber-Watts, Tierarztpraxis HundKatzeHaut<\/p>\n\n\n\n<p> (<a href=\"http:\/\/www.hundkatzehaut.vet\">http:\/\/www.hundkatzehaut.vet<\/a>)<\/p>\n\n\n\n<p>-&gt; <strong>VON SCHWESTER ANTONIA EMPFOHLEN:<\/strong><\/p>\n\n\n\n<p>Kleintierpraxis Alfter <\/p>\n\n\n\n<p>(<a rel=\"noreferrer noopener\" href=\"http:\/\/www.kleintierpraxis-alfter.de\" target=\"_blank\">http:\/\/www.kleintierpraxis-alfter.de<\/a>)<\/p>\n\n\n\n<p>-&gt; <strong>F\u00dcR DEN GROSSEN HUNGER ZWISCHENDURCH<\/strong><\/p>\n\n\n\n<p>FUTALIS <\/p>\n\n\n\n<figure class=\"wp-block-image size-full\"><img decoding=\"async\" loading=\"lazy\" width=\"500\" height=\"126\" src=\"https:\/\/tierarztpraxis-rheinbach.de\/wp-content\/uploads\/2022\/05\/site-logo-1.png\" alt=\"\" class=\"wp-image-611\" srcset=\"https:\/\/tierarztpraxis-rheinbach.de\/wp-content\/uploads\/2022\/05\/site-logo-1.png 500w, https:\/\/tierarztpraxis-rheinbach.de\/wp-content\/uploads\/2022\/05\/site-logo-1-300x76.png 300w\" sizes=\"(max-width: 500px) 100vw, 500px\" \/><\/figure>\n\n\n\n<p>(<a href=\"https:\/\/www.futalis.de\" target=\"_blank\" rel=\"noreferrer noopener\">https:\/\/www.futalis.de<\/a>) <\/p>\n","protected":false},"excerpt":{"rendered":"<p>Liebe Tierbesitzer! Auch die Kleintiermedizin erf\u00e4hrt in den letzten 20 j\u00e4hren eine enorm schnell fortschreitende Spezialisierung. Unsere Praxis reiht sich mit der Spezialisierung auf Osteopathie, Physiotherapie und Tierern\u00e4hrung in diese Entwicklung mit ein. Dies erm\u00f6glicht f\u00fcr Sie als Tierbesitzer eine immer bessere Diagnostik und Versorgung Ihres vierbeinigen Familienmitglieds. F\u00fcr uns bedeutet es im Praxisalltag aber&hellip; <a href=\"https:\/\/tierarztpraxis-rheinbach.de\/?page_id=539\" class=\"more-link\">Weiterlesen <span class=\"screen-reader-text\">Tier\u00e4rztliche Spezialisten<\/span><\/a><\/p>\n","protected":false},"author":1,"featured_media":0,"parent":99,"menu_order":0,"comment_status":"closed","ping_status":"closed","template":"templates\/full-width-page.php","meta":[],"_links":{"self":[{"href":"https:\/\/tierarztpraxis-rheinbach.de\/index.php?rest_route=\/wp\/v2\/pages\/539"}],"collection":[{"href":"https:\/\/tierarztpraxis-rheinbach.de\/index.php?rest_route=\/wp\/v2\/pages"}],"about":[{"href":"https:\/\/tierarztpraxis-rheinbach.de\/index.php?rest_route=\/wp\/v2\/types\/page"}],"author":[{"embeddable":true,"href":"https:\/\/tierarztpraxis-rheinbach.de\/index.php?rest_route=\/wp\/v2\/users\/1"}],"replies":[{"embeddable":true,"href":"https:\/\/tierarztpraxis-rheinbach.de\/index.php?rest_route=%2Fwp%2Fv2%2Fcomments&post=539"}],"version-history":[{"count":6,"href":"https:\/\/tierarztpraxis-rheinbach.de\/index.php?rest_route=\/wp\/v2\/pages\/539\/revisions"}],"predecessor-version":[{"id":672,"href":"https:\/\/tierarztpraxis-rheinbach.de\/index.php?rest_route=\/wp\/v2\/pages\/539\/revisions\/672"}],"up":[{"embeddable":true,"href":"https:\/\/tierarztpraxis-rheinbach.de\/index.php?rest_route=\/wp\/v2\/pages\/99"}],"wp:attachment":[{"href":"https:\/\/tierarztpraxis-rheinbach.de\/index.php?rest_route=%2Fwp%2Fv2%2Fmedia&parent=539"}],"curies":[{"name":"wp","href":"https:\/\/api.w.org\/{rel}","templated":true}]}}