{"id":85,"date":"2018-01-03T11:47:34","date_gmt":"2018-01-03T11:47:34","guid":{"rendered":"http:\/\/wp.tierarztpraxis-rheinbach.de\/?page_id=85"},"modified":"2021-12-28T08:56:45","modified_gmt":"2021-12-28T08:56:45","slug":"veranstaltungen-news","status":"publish","type":"page","link":"https:\/\/tierarztpraxis-rheinbach.de\/?page_id=85","title":{"rendered":"Kurse f\u00fcr Tierbesitzer"},"content":{"rendered":"\n<h3 class=\"wp-block-heading\">Erste Hilfe Kurs f\u00fcr Hundehalter<\/h3>\n\n\n\n<p><span style=\"color:#dd3b48\" class=\"has-inline-color\">Neu! Jetzt als Online-Seminar buchbar!<\/span><\/p>\n\n\n\n<p>Wir alle hoffen, dass es nie passiert, dass der eigene Hund mit stark blutender Wunde aus dem See kommt oder beim Tollen auf der Wiese aufschreit und nicht mehr aufsteht. Aber was ist zu tun, wenn der Ernstfall eintritt? Auf vielfachen Wunsch von Tierbesitzern nehmen wir unseren Erste-Hilfe-Kurs wieder in unser Kurs-Programm f\u00fcr Tierbesitzer mit auf und bieten ihn erstmalig als Online-Version an.<\/p>\n\n\n\n<p>Online-Kurs-Zeit 4 x 45 Minuten mit Kursunterlagen<br>Teilnahmegeb\u00fchr 30,-\u20ac &#8211; davon 10,-\u20ac f\u00fcr gemeinn\u00fctzige Zwecke<br>Sofort buchbar unter&nbsp;<a rel=\"noreferrer noopener\" href=\"mailto:info@tierarztpraxis-rheinbach.de\" target=\"_blank\">info@tierarztpraxis-rheinbach.de<\/a><\/p>\n\n\n\n<p>Nach erfolgreiche Buchung erhalten Sie von uns ein Passwort. <br>Das Online-Seminar finden sie dann <a href=\"https:\/\/tierarztpraxis-rheinbach.de\/?page_id=419\">hier [passwortgesch\u00fctzt]<\/a>.<\/p>\n\n\n\n<h3 class=\"wp-block-heading\">Fit for Dogs &#8211;&nbsp;<span style=\"color: #dd3b48;\">Unser Klassiker!<\/span><\/h3>\n\n\n\n<p class=\"has-text-align-left\"><strong>Die Fr\u00fchjahrskur f\u00fcr R\u00fccken und Gelenke Ihres Hundes<\/strong><br>F\u00fcr Hunde jeden Alters vom Familienhund bis zur Sportskanone!<\/p>\n\n\n\n<p>F\u00fcr Hunde in einer Rehabilitationsphase nach Unfall oder Operation wird eine leistungsentsprechende Teilnahme erm\u00f6glicht.<\/p>\n\n\n\n<p><u>Kursprogramm:<\/u><\/p>\n\n\n\n<p>Der Kurs umfasst&nbsp; 8 einst\u00fcndige Unterrichtseinheiten. Im Verlauf des Kurses werden auf Basis der Gangbildbeurteilung problem-orientierte Bewegungs\u00fcbungen und ein individueller Trainingsaufbau vermittelt zur F\u00f6rderung der Beweglichkeit, der Lauf- und Lebensfreude des Hundes.<\/p>\n\n\n\n<ul><li>Einf\u00fchrung in die Trainingslehre<\/li><li>Gangbildanalyse zur Beurteilung von Lahmheiten und Bewegungseinschr\u00e4nkungen<\/li><li>das richtige Schrittgehen als Grundlage des Bewegungstrainings<\/li><li>Bedeutung von Auf- &amp; Abw\u00e4rmen<\/li><li>Verbesserung des K\u00f6rperbewu\u00dftseins durch Massage, Bodentraining und Trampolin<\/li><li>Verbesserung der Koordination durch Achten laufen, Slalom, Cavaletti<\/li><li>Verbesserung der Muskulatur durch gezielte Muskel\u00fcbungen<\/li><\/ul>\n\n\n\n<p>Im Anschluss an die Kursteilnahme besteht die M\u00f6glichkeit zum w\u00f6chentlichen, gemeinsamen Training zur Erhaltung und Verbesserung der erzielten Beweglichkeit und Kondition.<\/p>\n\n\n\n<figure class=\"wp-block-table\"><table><tbody><tr><td><strong>Termin<\/strong><\/td><td>Interessenten&nbsp;<b>bitte melden!<\/b><br>Je nach Witterung wird in Absprache ein neuer Kurs&nbsp;<b>wochentags&nbsp;<\/b>abends ab 18.30 Uhr angeboten.<br>Start des Kurses ist nach Karnerval.<\/td><\/tr><tr><td><strong>Veranstaltungsort<\/strong><\/td><td>Tierarztpraxis Dr. Katrin Thelen<\/td><\/tr><tr><td><strong>Teilnahmegeb\u00fchr<\/strong><\/td><td>199,- \u20ac pro Person, zahlbar bei Anmeldung<\/td><\/tr><\/tbody><\/table><\/figure>\n\n\n\n<h3 class=\"has-text-align-left wp-block-heading\">Massage f\u00fcr Hunde &#8211;&nbsp;<span style=\"color: #dd3b48;\">Wieder im Programm!<\/span><\/h3>\n\n\n\n<p class=\"has-text-align-left\">Grundlagen der klassischen Massage, Demonstration und \u00dcbungen entspannender Massagegriffe zur Verbesserung des Wohlbefindens von Hund &amp; Besitzer in 3 x 90 Minuten, um allen Teilnehmern ausreichend Zeit zum F\u00fchlen und \u00dcben zu geben!<\/p>\n\n\n\n<figure class=\"wp-block-table\"><table><tbody><tr><td><strong>Termin<\/strong><\/td><td>&nbsp;Interessenten bitte melden f\u00fcr Termin im Herbst 2018<\/td><\/tr><tr><td><strong>Veranstaltungsort<\/strong><\/td><td>Tierarztpraxis Dr. Katrin Thelen<\/td><\/tr><tr><td><strong>Teilnahmegeb\u00fchr<\/strong><\/td><td>60,- \u20ac pro Person, zahlbar bei Anmeldung<\/td><\/tr><tr><td><strong>Kursusunterlagen<\/strong><\/td><td>inklusive<\/td><\/tr><\/tbody><\/table><\/figure>\n\n\n\n<h3 class=\"wp-block-heading\">Hundeschule vom Tomberg <\/h3>\n\n\n\n<p>Die Inhalte zum Seminar \u00fcber Zoonosen und parasit\u00e4re Erkrankungen, Impfungen, Erste Hilfe und Hygiene sind <a href=\"https:\/\/tierarztpraxis-rheinbach.de\/?page_id=399\">hier [passwortgesch\u00fctzt]<\/a> f\u00fcr angemeldete Seminarteilnehmer abrufbar.\u00a0<\/p>\n\n\n\n<p>Weitere Informationen: <a rel=\"noreferrer noopener\" href=\"http:\/\/www.hundeschule-vs.de\/\" target=\"_blank\">www.hundeschule-vs.de<\/a><\/p>\n","protected":false},"excerpt":{"rendered":"<p>Erste Hilfe Kurs f\u00fcr Hundehalter Neu! Jetzt als Online-Seminar buchbar! Wir alle hoffen, dass es nie passiert, dass der eigene Hund mit stark blutender Wunde aus dem See kommt oder beim Tollen auf der Wiese aufschreit und nicht mehr aufsteht. Aber was ist zu tun, wenn der Ernstfall eintritt? Auf vielfachen Wunsch von Tierbesitzern nehmen&hellip; <a href=\"https:\/\/tierarztpraxis-rheinbach.de\/?page_id=85\" class=\"more-link\">Weiterlesen <span class=\"screen-reader-text\">Kurse f\u00fcr Tierbesitzer<\/span><\/a><\/p>\n","protected":false},"author":1,"featured_media":0,"parent":0,"menu_order":0,"comment_status":"closed","ping_status":"closed","template":"templates\/full-width-page.php","meta":[],"_links":{"self":[{"href":"https:\/\/tierarztpraxis-rheinbach.de\/index.php?rest_route=\/wp\/v2\/pages\/85"}],"collection":[{"href":"https:\/\/tierarztpraxis-rheinbach.de\/index.php?rest_route=\/wp\/v2\/pages"}],"about":[{"href":"https:\/\/tierarztpraxis-rheinbach.de\/index.php?rest_route=\/wp\/v2\/types\/page"}],"author":[{"embeddable":true,"href":"https:\/\/tierarztpraxis-rheinbach.de\/index.php?rest_route=\/wp\/v2\/users\/1"}],"replies":[{"embeddable":true,"href":"https:\/\/tierarztpraxis-rheinbach.de\/index.php?rest_route=%2Fwp%2Fv2%2Fcomments&post=85"}],"version-history":[{"count":32,"href":"https:\/\/tierarztpraxis-rheinbach.de\/index.php?rest_route=\/wp\/v2\/pages\/85\/revisions"}],"predecessor-version":[{"id":485,"href":"https:\/\/tierarztpraxis-rheinbach.de\/index.php?rest_route=\/wp\/v2\/pages\/85\/revisions\/485"}],"wp:attachment":[{"href":"https:\/\/tierarztpraxis-rheinbach.de\/index.php?rest_route=%2Fwp%2Fv2%2Fmedia&parent=85"}],"curies":[{"name":"wp","href":"https:\/\/api.w.org\/{rel}","templated":true}]}}